(base 4) in base 12?
0
What is 36 (base 11) in base 12?
33
10 (base 3) to base 10
3
What is 102 (base 4) in base 8?
22
What is -20 (base 5) in base 4?
-22
Convert 12 (base 4) to base 8.
6
What is 4 (base 14) in base 13?
4
What is aa (base 13) in base 16?
8c
8 (base 12) to base 14
8
-42 (base 14) to base 4
-322
What is 4 (base 11) in base 15?
4
11101101 (base 2) to base 11
1a6
What is -33 (base 4) in base 7?
-21
102 (base 8) to base 13
51
102202 (base 3) to base 14
189
What is 131 (base 9) in base 14?
7b
-82 (base 9) to base 16
-4a
Convert 13 (base 14) to base 11.
16
86 (base 14) to base 2
1110110
Convert 11032 (base 4) to base 9.
411
Convert 120 (base 10) to base 2.
1111000
What is 220 (base 3) in base 15?
19
-4 (base 9) to base 5
-4
Convert 35 (base 14) to base 8.
57
What is 1 (base 14) in base 16?
1
Convert -10000001 (base 2) to base 10.
-129
What is -1 (base 9) in base 13?
-1
Convert 2302 (base 4) to base 11.
152
What is -9d (base 16) in base 9?
-184
What is 14 (base 5) in base 15?
9
Convert 4a (base 13) to base 14.
46
What is 11110 (base 2) in base 8?
36
-11 (base 12) to base 3
-111
-63 (base 7) to base 9
-50
What is 2 (base 5) in base 7?
2
-c (base 13) to base 5
-22
Convert -5 (base 16) to base 4.
-11
Convert -2 (base 9) to base 10.
-2
-22 (base 13) to base 14
-20
Convert 4a (base 15) to base 16.
46
What is -4 (base 14) in base 9?
-4
What is 5 (base 11) in base 2?
101
-2 (base 9) to base 16
-2
Convert 0 (base 3) to base 5.
0
-16 (base 11) to base 16
-11
Convert 150 (base 7) to base 14.
60
3 (base 15) to base 16
3
Convert 211 (base 3) to base 6.
34
Convert eb (base 16) to base 7.
454
Convert -222 (base 3) to base 16.
-1a
Convert -320 (base 6) to base 4.
-1320
What is 1 (base 4) in base 15?
1
-2 (base 9) to base 5
-2
-341 (base 5) to base 14
-6c
75 (base 12) to base 3
10022
Convert 9 (base 12) to base 4.
21
Convert -3 (base 6) to base 5.
-3
Convert -442 (base 5) to base 2.
-1111010
What is -1 (base 16) in base 7?
-1
-202 (base 3) to base 9
-22
Convert -2 (base 14) to base 10.
-2
-2 (base 15) to base 16
-2
Convert 102 (base 3) to base 15.
b
What is -26 (base 9) in base 16?
-18
What is 1 (base 7) in base 10?
1
What is -1 (base 15) in base 7?
-1
Convert 3 (base 12) to base 13.
3
Convert -10 (base 3) to base 8.
-3
What is -2 (base 5) in base 16?
-2
-130 (base 7) to base 6
-154
Convert -1 (base 7) to base 16.
-1
2 (base 6) to base 8
2
Convert 10 (base 6) to base 3.
20
What is 0 (base 14) in base 12?
0
Convert 10101000 (base 2) to base 9.
206
-26 (base 13) to base 15
-22
Convert 1 (base 10) to base 3.
1
19 (base 14) to base 12
1b
Convert 15 (base 7) to base 4.
30
What is -a (base 11) in base 14?
-a
Convert 12121 (base 3) to base 12.
107
Convert -301 (base 4) to base 13.
-3a
Convert 31 (base 13) to base 15.
2a
-3 (base 15) to base 13
-3
199 (base 12) to base 4
10011
What is 5 (base 8) in base 5?
10
What is 9 (base 10) in base 12?
9
What is -5 (base 14) in base 6?
-5
What is -12b (base 13) in base 3?
-21122
What is 8a (base 11) in base 16?
62
-24 (base 14) to base 8
-40
Convert -130 (base 4) to base 15.
-1d
Convert 1 (base 12) to base 15.
1
What is a (base 15) in base 10?
10
What is 0 (base 14) in base 13?
0
2 (base 10) to base 8
2
Convert -30 (base 7) to base 5.
-41
What is -10101 (base 2) in base 11?
-1a
What is 0 (base 15) in base 7?
0
Convert 44 (base 7) to base 15.
22
-2 (base 4) to base 15
-2
What is 0 (base 16) in base 11?
0
-120012 (base 3) to base 5
-3120
Convert 0 (base 7) to base 6.
0
Convert 0 (base 3) to base 16.
0
What is -131 (base 6) in base 2?
-110111
-6 (base 9) to base 2
-110
What is -8 (base 15) in base 16?
-8
What is -101010 (base 2) in base 15?
-2c
Convert -1 (base 4) to base 10.
-1
Convert -10000010 (base 2) to base 11.
-109
What is 17 (base 13) in base 7?
26
What is 94 (base 10) in base 14?
6a
What is 1100 (base 3) in base 7?
51
Convert 117 (base 9) to base 5.
342
What is 101 (base 2) in base 10?
5
Convert 10 (base 7) to base 9.
7
What is -6 (base 10) in base 16?
-6
Convert b (base 14) to base 11.
10
What is -16b (base 12) in base 15?
-102
410 (base 8) to base 15
129
What is 1 (base 5) in base 12?
1
Convert -6 (base 14) to base 9.
-6
What is -10 (base 3) in base 16?
-3
10 (base 2) to base 5
2
3 (base 4) to base 2
11
What is -10000100 (base 2) in base 15?
-8c
What is -5 (base 13) in base 4?
-11
What is 4 (base 6) in base 9?
4
0 (base 15) to base 4
0
What is 0 (base 12) in base 4?
0
What is -2231 (base 5) in base 7?
-631
What is -18 (base 9) in base 2?
-10001
What is 2 (base 14) in base 10?
2
Convert 2 (base 8) to base 2.
10
What is -1221 (base 3) in base 15?
-37
26 (base 10) to base 8
32
-27 (base 13) to base 8
-41
23 (base 5) to base 6
21
Convert 1 (base 3) to base 16.
1
Convert -c (base 14) to base 16.
-c
166 (base 8) to base 13
91
Convert -4 (base 13) to base 2.
-100
What is -1 (base 11) in base 6?
-1
What is -2 (base 12) in base 10?
-2
-28 (base 12) to base 7
-44
0 (base 4) to base 5
0
Convert -12 (base 5) to base 14.
-7
Convert -100010 (base 2) to base 12.
-2a
d (base 16) to base 11
12
What is 32 (base 5) in base 2?
10001
Convert -1 (base 6) to base 10.
-1
What is 21 (base 4) in base 9?
10
23 (base 4) to base 8
13
What is 9 (base 15) in base 12?
9
Convert -1b (base 12) to base 14.
-19
What is -400 (base 5) in base 12?
-84
What is -183 (base 10) in base 15?
-c3
What is 1 (base 3) in base 11?
1
What is 10 (base 3) in base 8?
3
Convert 56 (base 9) to base 4.
303
Convert -2321 (base 5) to base 9.
-413
Convert 2 (base 14) to base 8.
2
-3 (base 4) to base 11
-3
1a4 (base 11) to base 6
1031
Convert -11 (base 3) to base 5.
-4
What is 1220 (base 3) in base 7?
102
Convert -110 (base 2) to base 5.
-11
What is -1304 (base 5) in base 14?
-108
3 (base 11) to base 2
11
-3 (base 13) to base 9
-3
What is -e (base 15) in base 4?
-32
Convert -123 (base 14) to base 6.
-1015
Convert -c (base 16) to base 9.
-13
What is -124 (base 9) in base 2?
-1100111
-10 (base 10) to base 4
-22
What is 3 (base 15) in base 4?
3
What is -22 (base 4) in base 15?
-a
What is -1232 (base 6) in base 4?
-10310
What is -2 (base 15) in base 2?
-10
Convert -14 (base 5) to base 4.
-21
Convert -2 (base 9) to base 3.
-2
-2242 (base 5) to base 2
-101000010
Convert -8 (base 9) to base 6.
-12
What is 10010 (base 2) in base 9?
20
Convert -133 (base 4) to base 2.
-11111
Convert -11 (base 2) to base 5.
-3
Convert 1 (base 13) to base 5.
1
What is -13 (base 10) in base 7?
-16
Convert -a (base 16) to base 14.
-a
Convert -2 (base 7) to base 16.
-2
Convert 14 (base 16) to base 4.
110
Convert -50 (base 13) to base 4.
-1001
Convert 1111 (base 5) to base 12.
110
What is -3 (base 6) in base 3?
-10
What is -1 (base 15) in base 11?
-1
121 (base 3) to base 16
10
Convert -3 (base 8) to base 4.
-3
What is -11001 (base 2) in base 5?
-100
Convert 0 (base 13) to base 4.
0
Convert -48 (base 13) to base 5.
-220
Convert -10010000 (base 2) to base 15.
-99
Convert 10 (base 14) to base 6.
22
164 (base 7) to base 13
74
Convert 0 (base 12) to base 9.
0
Convert 37 (base 16) to base 6.
131
What is 216 (base 7) in base 2?
1101111
What is 2201 (base 3) in base 11?
67
What is 101 (base 2) in base 15?
5
What is -5 (base 8) in base 14?
-5
Convert 8 (base 15) to base 7.
11
Convert 9 (base 16) to base 13.
9
-3 (base 9) to base 15
-3
-19 (base 10) to base 15
-14
Convert -22 (base 3) to base 7.
-11
Convert -5 (base 6) to base 4.
-11
-27 (base 8) to base 13
-1a
-11 (base 14) to base 8
-17
Convert -35 (base 8) to base 12.
-25
What is 65 (base 7) in base 10?
47
What is 7 (base 10) in base 3?
21
-4 (base 10) to base 7
-4
0 (base 16) to base 9
0
1 (base 15) to base 5
1
Convert 2 (base 12) to base 2.
10
Convert 100 (base 2) to base 16.
4
What is 2 (base 9) in base 5?
2
Convert -16 (base 9) to base 6.
-23
21 (base 16) to base 3
1020
Convert -134 (base 7) to base 2.
-1001010
What is 10 (base 3) in base 6?
3
-37 (base 9) to base 7
-46
-171 (base 9) to base 6
-401
Convert 0 (base 8) to base 11.
0
5 (base 16) to base 5
10
What is 1 (base 12) in base 15?
1
What is 1 (base 14) in base 5?
1
41 (base 9) to base 15
27
Convert 1222 (base 3) to base 15.
38
What is 8 (base 14) in base 16?
8
What is 74 (base 15) in base 2?
1101101
What is -a0 (base 16) in base 14?
-b6
Convert -36 (base 7) to base 15.
-1c
What is -1 (base 9) in